common divisor of 24 and 1020?
12
What is the highest common factor of 88 and 3984?
8
Calculate the greatest common divisor of 225 and 4900.
25
What is the highest common divisor of 1484 and 795?
53
What is the greatest common divisor of 108 and 108?
108
Calculate the greatest common divisor of 17 and 1037.
17
What is the highest common factor of 58 and 1856?
58
What is the greatest common factor of 2358 and 36?
18
What is the greatest common factor of 288 and 162?
18
Calculate the greatest common divisor of 310 and 150.
10
Calculate the highest common factor of 184 and 4.
4
What is the highest common divisor of 50 and 4?
2
Calculate the greatest common factor of 24 and 27.
3
Calculate the highest common divisor of 125 and 7325.
25
What is the greatest common factor of 13059 and 18?
9
What is the highest common divisor of 7 and 91?
7
Calculate the highest common divisor of 42 and 12.
6
Calculate the greatest common factor of 39 and 1105.
13
What is the highest common divisor of 2093 and 91?
91
What is the highest common factor of 38288 and 32?
16
What is the greatest common divisor of 138 and 36?
6
What is the greatest common factor of 3096 and 12?
12
Calculate the highest common divisor of 85 and 884.
17
Calculate the greatest common factor of 94 and 7426.
94
Calculate the greatest common divisor of 550 and 100.
50
What is the highest common divisor of 27 and 3?
3
Calculate the highest common factor of 8155 and 35.
35
Calculate the greatest common divisor of 16608 and 96.
96
What is the greatest common factor of 731 and 43?
43
Calculate the greatest common divisor of 793 and 26.
13
What is the highest common divisor of 7060 and 1?
1
Calculate the greatest common factor of 8 and 196.
4
What is the highest common divisor of 1188 and 1836?
108
Calculate the highest common factor of 352 and 32.
32
What is the highest common divisor of 160 and 24?
8
What is the highest common factor of 426 and 6745?
71
Calculate the highest common divisor of 29 and 2291.
29
What is the highest common factor of 880 and 80?
80
What is the greatest common factor of 10 and 520?
10
What is the highest common factor of 13030 and 10?
10
Calculate the highest common divisor of 9216 and 360.
72
Calculate the greatest common factor of 118 and 4.
2
Calculate the greatest common factor of 136 and 442.
34
What is the highest common factor of 184 and 9752?
184
Calculate the greatest common divisor of 611 and 26.
13
Calculate the greatest common factor of 1363 and 141.
47
What is the highest common factor of 9 and 1476?
9
What is the greatest common divisor of 13608 and 8?
8
What is the highest common divisor of 60 and 675?
15
Calculate the greatest common divisor of 240 and 96.
48
Calculate the highest common divisor of 40 and 18820.
20
What is the greatest common divisor of 3127 and 59?
59
What is the highest common factor of 47 and 893?
47
Calculate the highest common factor of 649 and 22.
11
What is the greatest common factor of 923 and 13?
13
What is the greatest common divisor of 60 and 2540?
20
Calculate the greatest common divisor of 32 and 2272.
32
What is the highest common divisor of 1312 and 164?
164
What is the greatest common divisor of 3 and 488?
1
Calculate the greatest common divisor of 69 and 1173.
69
Calculate the greatest common factor of 46 and 6.
2
Calculate the highest common divisor of 8165 and 460.
115
What is the greatest common factor of 114 and 133?
19
Calculate the greatest common divisor of 422 and 14.
2
Calculate the highest common factor of 49 and 343.
49
What is the highest common divisor of 54 and 30?
6
What is the greatest common factor of 239 and 37523?
239
What is the greatest common factor of 964 and 6?
2
What is the greatest common divisor of 21 and 105?
21
What is the highest common divisor of 1840 and 46?
46
Calculate the highest common factor of 5544 and 22.
22
Calculate the greatest common divisor of 1295 and 105.
35
What is the highest common divisor of 38 and 15466?
38
What is the highest common factor of 190 and 38?
38
Calculate the greatest common divisor of 730 and 1752.
146
Calculate the highest common divisor of 44 and 891.
11
Calculate the greatest common divisor of 1023 and 33.
33
What is the greatest common factor of 8614 and 292?
146
What is the highest common factor of 67201 and 34?
17
Calculate the highest common factor of 16 and 376.
8
Calculate the greatest common factor of 41 and 4633.
41
What is the greatest common divisor of 2 and 48?
2
What is the greatest common divisor of 12 and 39?
3
Calculate the greatest common factor of 15858 and 18.
18
Calculate the highest common factor of 248 and 155.
31
What is the greatest common divisor of 520 and 5?
5
What is the greatest common divisor of 1809 and 135?
27
Calculate the greatest common divisor of 741 and 1131.
39
Calculate the greatest common factor of 1432 and 8.
8
What is the highest common factor of 3 and 7119?
3
What is the greatest common factor of 6478 and 632?
158
What is the highest common divisor of 34 and 22882?
34
Calculate the greatest common factor of 6 and 8.
2
What is the greatest common divisor of 7 and 7?
7
What is the greatest common factor of 243 and 1?
1
What is the greatest common factor of 2653 and 10233?
379
What is the highest common factor of 54 and 234?
18
Calculate the highest common factor of 5 and 113.
1
What is the greatest common factor of 91 and 2808?
13
What is the highest common factor of 378 and 216?
54
Calculate the greatest common divisor of 156 and 1300.
52
Calculate the greatest common factor of 365 and 5.
5
What is the highest common divisor of 24 and 444?
12
Calculate the greatest common divisor of 416 and 78.
26
What is the greatest common divisor of 3185 and 147?
49
Calculate the greatest common divisor of 255 and 15.
15
Calculate the greatest common divisor of 3 and 152.
1
What is the greatest common factor of 4687 and 436?
109
Calculate the greatest common divisor of 1786 and 304.
38
What is the greatest common factor of 15 and 745?
5
Calculate the greatest common divisor of 1089 and 6039.
99
Calculate the greatest common factor of 26 and 26.
26
Calculate the highest common divisor of 35 and 10115.
35
Calculate the highest common divisor of 969 and 272.
17
Calculate the highest common factor of 663 and 78.
39
What is the highest common divisor of 275 and 75?
25
Calculate the greatest common divisor of 76 and 114.
38
What is the greatest common factor of 384 and 5088?
96
Calculate the greatest common divisor of 99 and 165.
33
What is the highest common factor of 1605 and 15?
15
Calculate the greatest common factor of 109 and 1199.
109
Calculate the highest common factor of 675 and 6975.
225
Calculate the greatest common factor of 284 and 8.
4
Calculate the highest common divisor of 21 and 15.
3
Calculate the greatest common factor of 7011 and 95.
19
What is the greatest common factor of 360 and 108?
36
What is the highest common divisor of 858 and 66?
66
What is the greatest common divisor of 201 and 268?
67
Calculate the highest common divisor of 265 and 477.
53
Calculate the greatest common divisor of 58 and 464.
58
What is the greatest common factor of 21 and 119?
7
Calculate the highest common divisor of 6504 and 120.
24
What is the highest common factor of 572 and 33?
11
Calculate the highest common factor of 2425 and 50.
25
Calculate the highest common divisor of 5 and 2895.
5
What is the greatest common factor of 72 and 3960?
72
What is the greatest common divisor of 235 and 5?
5
Calculate the highest common divisor of 87 and 232.
29
Calculate the greatest common factor of 35 and 126.
7
Calculate the greatest common factor of 72 and 34992.
72
Calculate the highest common factor of 135 and 60.
15
What is the highest common divisor of 135 and 225?
45
Calculate the greatest common factor of 84 and 522.
6
What is the greatest common divisor of 225 and 1025?
25
What is the highest common divisor of 50 and 110?
10
What is the highest common divisor of 8918 and 52?
26
Calculate the greatest common factor of 5539 and 58.
29
What is the greatest common divisor of 4 and 92?
4
Calculate the highest common divisor of 13 and 26.
13
What is the greatest common factor of 930 and 150?
30
What is the greatest common divisor of 1743 a